at are the prime factors of r(h)?
17
Let m(g) = -8*g - 44. Let p be m(-6). Suppose p*o + 4*n - 244 = 0, 3*o + 0*n - 178 = -2*n. Suppose -2*u + 82 = -o. List the prime factors of u.
3, 23
Let g = 22140 + -3227. List the prime factors of g.
18913
Suppose -4*n = 5*j - 6, 2 = n - 10*j + 11*j. Suppose 3*i - 33 = -n*c, -3*c - 2*i = -7*i - 32. List the prime factors of (1 - (-1 + -220))*(-8 + c).
2, 3, 37
Let g = -45 - -47. Suppose -3*j - j = g*f, 5*f - 5*j = -30. Let d = f - -33. List the prime factors of d.
29
Let s(g) = g**3. Suppose 8*q = 4*q + 8. Let a(i) = 3*i**3 - i**2 - 3*i - 2. Let d(j) = q*s(j) - a(j). What are the prime factors of d(-4)?
2, 5, 7
Let g = -44 - -115. Suppose 5*p + 84 = -91. Let r = g + p. What are the prime factors of r?
2, 3
Suppose 3*h - 2*b + 4332 = -5*b, -4*b = h + 1459. Let m = h + 2340. What are the prime factors of m?
17, 53
List the prime factors of (503 - 1)*(9 + -2).
2, 7, 251
Suppose 105*j = 107*j - 6. Suppose -3*n = 4*r - 1051, -2*n + 353 = -j*r - 342. List the prime factors of n.
349
Suppose -107*l + 3002709 = 25*l - 59*l. List the prime factors of l.
3, 13711
Let a = 5167 + -3228. List the prime factors of a.
7, 277
Suppose 4*y = d - 36 + 7, -3*y - 53 = -2*d. Let a be (-1 + -2)/((-3)/4). Suppose 43 = a*b - d. List the prime factors of b.
17
Let r(d) = d**3 + 2*d**2 + 2. Let w be r(0). Suppose -2*q + 0*q - 3*j - 148 = 0, -w*q + 4*j - 148 = 0. List the prime factors of (-2)/1 - 1*q.
2, 3
Let j = 125 + -125. Suppose 0 = 4*v - 2*d, 3*v + d = -j*d + 5. What are the prime factors of 4866/24 - v/(-4)?
7, 29
Let o be (8/6)/(26/(-39)). Let n(w) = -23*w**2 + 1. Let z be n(o). Let s = -33 - z. List the prime factors of s.
2, 29
Let b = 181 - 194. Let z(f) be the first derivative of f**4/4 + 16*f**3/3 + 9*f**2 + f + 16. List the prime factors of z(b).
2, 137
Suppose -4*c + d + 28609 = 0, -2*c - 20*d + 14327 = -25*d. What are the prime factors of c?
7151
Suppose 0 = 2*p - 2*l - 8, 14 = 2*p - 0*l - 5*l. Suppose 3*k + 16 = -4*v, -3*v = p*k - 5*v - 8. Suppose k = 4*w + 5*w - 810. List the prime factors of w.
2, 3, 5
Suppose 0 = 151*t - t - 5121000. List the prime factors of t.
2, 3, 5, 569
Suppose 62*t = 54*t + 313384. What are the prime factors of t?
43, 911
Suppose -102*j + 456 = -3012. List the prime factors of j.
2, 17
Suppose 139*b = 740*b - 14253917. What are the prime factors of b?
37, 641
Suppose -2*g = -6*g - 660. Let v = g - -223. What are the prime factors of v?
2, 29
Let n be 1/(-2)*(-5 + 3). Let h(j) = 9*j - 3. Let o be h(n). Suppose 9*y - 204 = o*y. What are the prime factors of y?
2, 17
Let r = -120 + 114. Let k(m) = 26*m + 160. List the prime factors of k(r).
2
Suppose 4*i = 8*i - 8. What are the prime factors of (1257 + -7 + i)*(-3)/(-12)?
313
Let o(w) = -7 + 4*w**2 - 22*w + 26*w**2 - w**3 + 38*w. List the prime factors of o(30).
11, 43
Suppose -2*c - h = -8, 3*c + 5*h + 0*h = -2. Suppose 351 + 621 = 27*d. Let g = d - c. List the prime factors of g.
2, 3, 5
Suppose -45*t + 20 = -35*t. Suppose -159 = -w + 2*n + 2*n, 0 = 4*w - t*n - 678. List the prime factors of w.
3, 19
Suppose 0 = 97*o - 55*o - 192192. What are the prime factors of o?
2, 11, 13
Let s(g) = 2*g**3 - 37*g**2 - 3*g + 15. Suppose -5 = -5*a, -68 - 10 = -4*b - 2*a. What are the prime factors of s(b)?
11, 29
Let g be -4 - 0 - (8 + -15)*1. Suppose -1298 - 745 = -g*q. List the prime factors of q.
3, 227
Suppose 3*y = 3 + 6. Let i = 41 + -26. Suppose h + y = i. What are the prime factors of h?
2, 3
Suppose -2*x + 10 = 0, 0 = 32*b - 35*b - 3*x + 4881. What are the prime factors of b?
2, 811
Suppose -d = 3*k - 31204, k + 10398 = 2*k + d. List the prime factors of k.
101, 103
Let v = -143 + 145. Suppose 0 = v*m - 358 + 50. What are the prime factors of m?
2, 7, 11
What are the prime factors of (-5)/4 + (-22014)/216*-105?
2, 5, 107
Suppose -14*m + 9*m + 5*c + 40 = 0, -3*c + 18 = 4*m. Suppose t - 1004 = -5*y, -4*t - m*y + 4*y + 4034 = 0. What are the prime factors of t?
1009
What are the prime factors of ((-4)/13)/(92/(-4259554))?
2, 17, 419
Let p(b) = -b**2 - 5*b + 66. Let w be p(-11). Suppose -5*u = -3*v + 212 + 4648, v + 3*u - 1606 = w. What are the prime factors of v?
5, 17, 19
Let d be 36/(-150)*5*(-40)/6. Let o be 3 - (2 - 2)/(d/(-4)). Suppose 0 = 5*h - o*u - 668, h - 132 = -4*u + 3*u. List the prime factors of h.
7, 19
Let w(m) = -m**3 + 12*m**2 + 14*m + 13. Let k be w(-7). Let s = -562 + k. List the prime factors of s.
2, 71
Suppose 5*v + 4975 - 20 = 0. Let p = 1474 + v. List the prime factors of p.
3, 7, 23
Suppose 6*l + 57 = 267. Suppose 28*t - l*t = -798. What are the prime factors of t?
2, 3, 19
Suppose -10*b - 23 = 1057. List the prime factors of (b/(-16) - 7)/((-1)/1276).
11, 29
Let d(w) = 41150*w**3 + 8*w**2 - 10*w + 7. List the prime factors of d(1).
5, 8231
Suppose x - 4*w - 216 = 0, -1114 = -5*x - 11*w + 14*w. Suppose -4*n = 4*o - x, n - o + 5*o = 68. What are the prime factors of n?
2, 13
List the prime factors of -6*(-182)/84 - -45781.
2, 7, 3271
Let c be ((-12)/4)/((-6)/14). Let k(d) = 7*d**2 - 12*d + 13. Let r be k(c). Suppose 472 + r = 8*h. What are the prime factors of h?
3, 31
Let l be 154/((-2 - -4)/4). Let u = l + -217. List the prime factors of 3/(-7) + 5226/u.
3, 19
Suppose -5*j + 3*a = 64, 4*j + 48 = a + 3*a. Let w(c) = -50*c - 39. What are the prime factors of w(j)?
661
Let o(f) = -f**3 - 29*f**2 - 58*f - 59. Let u be o(-28). Let k = u - 346. List the prime factors of k.
3, 5, 29
Let u(w) = 1. Let r(f) = -2*f - 4. Let p(d) = -2*r(d) + 4*u(d). Let g be p(-6). Let i = g - -67. What are the prime factors of i?
5, 11
Suppose -47878 = -2*s - d, 101*d - 99*d = 16. What are the prime factors of s?
5, 4787
Let r = 38781 + 26235. List the prime factors of r.
2, 3, 7, 43
Let q = -28 + 30. Suppose -q*h = -2*n + 956, -5*h - 1469 = -2*h + 4*n. List the prime factors of h/(-6) + (-2 - (-15)/6).
3
Let x = 43 - 164. Suppose -4*z + 2*h - 444 = -3*h, 0 = -3*z + h - 333. Let l = z - x. List the prime factors of l.
2, 5
Let c(t) be the second derivative of t**5/20 + t**4/6 - t**3 + 2*t**2 + 31*t. Let x be -1 - (-1 + (-5 - -2)). List the prime factors of c(x).
31
Suppose -5*n + 29 = 9. Suppose 2*m = -0*a + n*a - 298, -3*a + 216 = -4*m. Let r = -27 + a. What are the prime factors of r?
7
Let t(m) = 876*m**2 - 31*m - 17. List the prime factors of t(-3).
2, 5, 199
What are the prime factors of (-15 - 1) + (16743 - -19)?
2, 3, 2791
Let g(j) = 63*j - 2. Let p be g(4). Let h = -67 + p. List the prime factors of h.
3, 61
Let n = -106 - -51. Let c = n + 290. List the prime factors of c.
5, 47
List the prime factors of ((-261)/(-18) + -10)*930.
3, 5, 31
Let w(u) = -9*u + 2 + 2*u + 3*u**2 - 1. Let l be w(4). List the prime factors of (-28)/l*(-111)/2.
2, 37
Suppose 6*k = 2*k + 21496. Suppose k - 28592 = -47*p. What are the prime factors of p?
2, 13, 19
Let a = 1099 - 1905. Let w = -482 - a. What are the prime factors of w?
2, 3
Suppose 7 + 11 = 2*h - 2*a, 0 = 5*h + 3*a - 85. Suppose 10*x = h + 26. Suppose -240 - 539 = -x*c + 3*g, -4*c + g + 777 = 0. List the prime factors of c.
2, 97
Suppose x - 263 = -260. Suppose x*r - 408 + 90 = -4*m, r - 98 = -4*m. What are the prime factors of r?
2, 5, 11
List the prime factors of (-551466)/(-3)*(474/36 - 13).
30637
Suppose -2 = -2*c + 2. Suppose 5*n - 760 = 5*d, 292 = 2*n - 3*d - c*d. Let b = n - -1. List the prime factors of b.
157
Let j(k) = -11*k - 29. Let a be j(-1). Let y = 233 + a. What are the prime factors of y?
5, 43
Let s(b) = b**2 - b - 3. Let z be s(-6). Let i = 43 - z. Suppose -i*a + 138 = -162. What are the prime factors of a?
3, 5
Suppose -2*g - 2*v - 4 = 0, -135*g - 3*v = -133*g + 6. Let q(d) be the first derivative of 2*d**2 + 95*d + 1. What are the prime factors of q(g)?
5, 19
Suppose -108*i + 109*i - 19357 = 3*p - 121246, 0 = 4*i. List the prime factors of p.
3, 11321
Suppose 5*i + 81 + 1010 = s, -4*i - 2212 = -2*s. Suppose 8*t - s = 1956. What are the prime factors of t?
2, 3
Let w be (-2 + (-26)/(-8))*4. Suppose -w*b = 2*r - 3*r - 21, -5*b - 4*r + 41 = 0. Suppose b*o - z - 54 = 3*z, -o + 10 = -z. List the prime factors of o.
2, 7
Suppose k - 3*k - 5*u = -24, -2*k + 16 = 3*u. Let l be 9/(-4) + k + 35/(-20). What are the prime factors of (-174)/(6/(-2))*(-5)/l?
5, 29
Let g(m) = 2*m + 5. Let s be